{"id":13,"date":"2019-04-27T19:29:58","date_gmt":"2019-04-27T17:29:58","guid":{"rendered":"https:\/\/2019.catania.wordcamp.org\/?page_id=13"},"modified":"2019-09-24T10:02:03","modified_gmt":"2019-09-24T08:02:03","slug":"tickets","status":"publish","type":"page","link":"https:\/\/catania.wordcamp.org\/2019\/tickets\/","title":{"rendered":"Prenota il tuo posto"},"content":{"rendered":"\n<figure class=\"wp-block-image is-resized\"><img decoding=\"async\" src=\"https:\/\/2019.catania.wordcamp.org\/files\/2019\/05\/tickets_wide.png\" alt=\"\" \/><\/figure>\n\n\n<p>Ci siamo, i biglietti per il\u00a0<strong>WordCamp Catania del 20 e 21 Settembre 2019<\/strong>\u00a0sono in vendita.<\/p>\n<p>Prenota il tuo posto per questa nuova avventura WordPress\u00a0<img decoding=\"async\" class=\"emoji\" src=\"https:\/\/s.w.org\/images\/core\/emoji\/11.2.0\/svg\/1f642.svg\" alt=\"\ud83d\ude42\" \/>\u00a0. Come saprai un WordCamp \u00e8 un evento organizzato da volontari, senza scopo di lucro.<br \/>Il biglietto ha un costo simbolico di<strong>\u00a020\u20ac<\/strong>, poich\u00e9 il reale costo a persona \u00e8 molto pi\u00f9 elevato, ma grazie ai nostri amati sponsor riusciamo a coprire la rimanente parte delle spese.<\/p>\n<h3><strong>Acquistando il biglietto per il WordCamp potrai:<\/strong><\/h3>\n<ul>\n<li>partecipare alla giornata della\u00a0<strong>Conferenza<\/strong> di Sabato 21 Settembre<\/li>\n<li>avere la possibilit\u00e0 di partecipare al\u00a0<strong>Contributor Day<\/strong> di Venerd\u00ec 20 Settembre<\/li>\n<li>il\u00a0<strong>pranzo<\/strong>\u00a0e vari\u00a0<strong>coffee-break<\/strong>\u00a0durante le giornate<\/li>\n<li>avere l\u2019opportunit\u00e0 di fare\u00a0<strong>networking ed incontrare di persona i relatori dei talks<\/strong><\/li>\n<li>ricevere la<strong>\u00a0t-shirt<\/strong>\u00a0dell\u2019evento e tanti\u00a0<strong>gadgets<\/strong>\u00a0<img decoding=\"async\" class=\"emoji\" src=\"https:\/\/s.w.org\/images\/core\/emoji\/11.2.0\/svg\/1f642.svg\" alt=\"\ud83d\ude42\" \/><\/li>\n<li>partecipare alla fantastica\u00a0<strong>festa dell\u2019After Party<\/strong>\u00a0nella serata del sabato<\/li>\n<\/ul>\n<h3><strong>Il Contributor Day<\/strong><\/h3>\n<p>Se decidi di unirti a noi anche per il Contributor Day di Venerd\u00ec 20 Settembre, devi <strong>indicarlo in fase di acquisto del biglietto<\/strong>. La partecipazione a questa giornata \u00e8 gratuita e riservata a chi acquista il biglietto; anche venerd\u00ec sono compresi il pranzo ed i coffee break.<br \/>Poich\u00e9 i\u00a0<strong>posti<\/strong>\u00a0per il Contributor Day sono\u00a0<strong>limitati<\/strong>, per favore segna s\u00ec solo se davvero verrai, altrimenti lascia che altri abbiano la possibilit\u00e0 di partecipare. Se in qualsiasi momento cambi idea (hai detto s\u00ec ma non puoi pi\u00f9 \/ hai detto no ma ci hai ripensato e vorresti venire) per favore segnalacelo tramite la nostra pagina di\u00a0<a href=\"https:\/\/2019.catania.wordcamp.org\/contatti\/\"><strong>contatto<\/strong><\/a>.<\/p>\n<h3><strong>Note.<\/strong><\/h3>\n<p>Dopo l\u2019acquisto del biglietto,\u00a0<strong>riceverai una mail di conferma del pagamento<\/strong>. Non hai bisogno di un biglietto per entrare, \u00e8 sufficiente presentarti al desk di ingresso il giorno dell\u2019evento e\u00a0<strong>riceverai il badge di ingresso<\/strong>\u00a0con il tuo nome.<br \/>Per motivi amministrativi purtroppo i biglietti del WordCamp non sono rimborsabili. Per\u00f2 puoi decidere di rivendere il biglietto a qualcun\u2019altro o anche regalarlo. E\u2019 sufficiente modificare i dati tramite il link che riceverai nell\u2019email di conferma. Grazie per la comprensione!<\/p>\n<p>Per noi \u00e8 importante organizzare un evento in un ambiente amichevole, sicuro ed accogliente, accessibile, rispettoso di tutti e protetto. Per questo adottiamo un\u00a0<a href=\"https:\/\/2019.catania.wordcamp.org\/codice-di-condotta\/\"><strong>Codice di Condotta<\/strong><\/a>. Per cortesia, leggilo prima di comprare il biglietto, perch\u00e9 chiederemo a tutti i partecipanti di rispettarlo!<br \/>Se vuoi la\u00a0<strong>fattura<\/strong>\u00a0dell\u2019acquisto, puoi compilare i campi del modulo, grazie!<br \/>A fine evento pubblicheremo un post riepilogativo del budget utilizzato, in totale trasparenza, con indicati i ricavi dalla vendita dei biglietti, i contributi degli sponsors ed i costi sostenuti.<\/p>\n<a href=\"https:\/\/catania.wordcamp.org\/2019\/tickets\/\">Please view this page in a browser to purchase or manage tickets.<\/a>","protected":false},"excerpt":{"rendered":"<p>Ci siamo, i biglietti per il\u00a0WordCamp Catania del 20 e 21 Settembre 2019\u00a0sono in vendita. Prenota il tuo posto per questa nuova avventura WordPress\u00a0\u00a0. Come saprai un WordCamp \u00e8 un evento organizzato da volontari, senza scopo di lucro.Il biglietto ha un costo simbolico di\u00a020\u20ac, poich\u00e9 il reale costo a persona \u00e8 molto pi\u00f9 elevato, ma &hellip; <\/p>\n<p class=\"link-more\"><a href=\"https:\/\/catania.wordcamp.org\/2019\/tickets\/\" class=\"more-link\">Leggi tutto<span class=\"screen-reader-text\"> &#8220;Prenota il tuo posto&#8221;<\/span><\/a><\/p>\n","protected":false},"author":14230601,"featured_media":0,"parent":0,"menu_order":0,"comment_status":"closed","ping_status":"closed","template":"","meta":{"jetpack_post_was_ever_published":false,"footnotes":""},"class_list":["post-13","page","type-page","status-publish","hentry"],"jetpack_sharing_enabled":true,"jetpack_shortlink":"https:\/\/wp.me\/Pa49y0-d","_links":{"self":[{"href":"https:\/\/catania.wordcamp.org\/2019\/wp-json\/wp\/v2\/pages\/13","targetHints":{"allow":["GET"]}}],"collection":[{"href":"https:\/\/catania.wordcamp.org\/2019\/wp-json\/wp\/v2\/pages"}],"about":[{"href":"https:\/\/catania.wordcamp.org\/2019\/wp-json\/wp\/v2\/types\/page"}],"author":[{"embeddable":true,"href":"https:\/\/catania.wordcamp.org\/2019\/wp-json\/wp\/v2\/users\/14230601"}],"replies":[{"embeddable":true,"href":"https:\/\/catania.wordcamp.org\/2019\/wp-json\/wp\/v2\/comments?post=13"}],"version-history":[{"count":9,"href":"https:\/\/catania.wordcamp.org\/2019\/wp-json\/wp\/v2\/pages\/13\/revisions"}],"predecessor-version":[{"id":1433,"href":"https:\/\/catania.wordcamp.org\/2019\/wp-json\/wp\/v2\/pages\/13\/revisions\/1433"}],"wp:attachment":[{"href":"https:\/\/catania.wordcamp.org\/2019\/wp-json\/wp\/v2\/media?parent=13"}],"curies":[{"name":"wp","href":"https:\/\/api.w.org\/{rel}","templated":true}]}}